hat is the tens digit of l?
9
Let s(h) be the first derivative of 5*h**2/2 + 3*h - 2. Let x be s(5). Suppose -4*u + x = -32. What is the tens digit of u?
1
Let x be -12*((-6)/(-9) + -1). Let n(z) = 4 - 5 - z**2 + 9*z + x + 2*z. What is the units digit of n(11)?
3
Suppose 3*f - 8 = 3*z - 2, 12 = 4*f - 2*z. Suppose c + f = 2*c. Suppose -v + 2*v + c = 0, 4*g - 8 = -4*v. What is the units digit of g?
6
Let a(w) = -w**3 + w**2 - w. Let f be a(0). Let y be (f/2)/1 - -3. What is the units digit of y + 0 - (0 + 0)?
3
Suppose -173 = -2*q - 29. Let j = -45 + q. What is the units digit of j?
7
Suppose -3*v + z = -22, -2*v + v - z + 2 = 0. Suppose 5*l - r = 8 + 40, 2*l = -4*r + v. What is the units digit of l?
9
Let r(z) = 2*z**2 - z. Let x be r(-1). Suppose -2 = 4*j - x*j. What is the units digit of -9*(j - 8/(-6))?
6
Let k = -28 - -60. What is the tens digit of k?
3
Let v = 3 - 6. Let k(r) = -2*r**2 + r + 4. Let w be k(v). Let t = w - -36. What is the tens digit of t?
1
Let x(h) = 9*h - 27. Let l(s) = -4*s + 13. Let f(o) = 7*l(o) + 3*x(o). What is the units digit of f(6)?
4
Let l = 2 + -2. Suppose n - 56 = -4*n + 3*j, l = 2*n + 5*j - 41. What is the units digit of n?
3
Let r be 3 + -2 + 9 + -2. Let z = 23 + r. Suppose 5*k - z - 4 = 0. What is the units digit of k?
7
Let l = 170 - 56. What is the units digit of l?
4
Let d(c) = -c**2 + 15*c + 4. What is the tens digit of d(8)?
6
Let c = 716 + -460. What is the tens digit of c?
5
Let d be 7/(-1 + -1 + 1). Let q(c) = c + 11. What is the units digit of q(d)?
4
Suppose 2*m + 0*m = 0. Suppose 32 = 2*k - m*k. What is the tens digit of k?
1
Let y = -32 - -53. Let l = 32 - y. What is the tens digit of l?
1
Let l(r) = -32*r - 21. What is the hundreds digit of l(-6)?
1
Let m be 9/4 + (-3)/12. Let g = m - -3. Suppose 6 + 7 = y - 2*w, 4*w = g*y - 65. What is the units digit of y?
3
Suppose 4*j + 4*x - 28 = 0, -3*j - 5*x = -8*j + 65. Let n = -2 + j. What is the units digit of (-2)/(-8) - (-38)/n?
5
Let v(m) = 9*m + m**2 - m - 2*m - 2*m. What is the tens digit of v(3)?
2
Let z = -15 - -19. What is the units digit of z?
4
Let o be -74*1/2*-1. Let h = o + 7. What is the units digit of h?
4
Suppose -3*m + 49 = -2*j, -j - 40 = 4*m - 109. Suppose -m + 6 = -s. Suppose -1 = 2*c - s. What is the units digit of c?
5
Let z(g) = 23*g**2 - 2*g + 1. Suppose -4*v = -q - 2, 3*v = q - 4*q + 9. Let u be z(v). Let t = u + -13. What is the units digit of t?
9
Suppose 4*s - 17 = 3. What is the units digit of (s + -1)/4*35?
5
Let j(v) = 26*v**2 + v - 2. What is the tens digit of j(1)?
2
Suppose 0 = 5*p + 4*w - 9, -w = -5*p + w + 3. Suppose -n - 1 = 3*a - 8, p = -2*n - a. Let t = n + 6. What is the units digit of t?
4
Suppose 3*o = 41 - 2. Suppose o = 3*s - 8. Suppose -5*f + s = 2. What is the units digit of f?
1
Suppose -3*h + 2*h + 12 = -5*y, 2*y = -4. What is the tens digit of (-118)/(-6) - h/3?
1
Suppose -2*n = 5*l - 5, -4*l = 5*n - 6 + 2. Suppose -z + 2*y + 3 = 0, 4*y - 10 + 34 = 4*z. Suppose 0 = -n*s + s - z. What is the units digit of s?
9
Let m(q) = -2 + 1 + 14*q - 4*q. Let f(g) = -5*g. Let l(t) = 5*f(t) + 3*m(t). What is the units digit of l(3)?
2
Suppose -2*z + 4*z = 0. Suppose z*l - 90 = -2*l. What is the units digit of l?
5
Let j be ((-32)/5)/(1/(-5)). Let z = -12 + -4. Let k = z + j. What is the tens digit of k?
1
Let a be 2 + (3 + 21/(-9))*36. Let m be (-1)/((-1)/3*1). Suppose 0 = 5*b - m*b - a. What is the tens digit of b?
1
Suppose 48 + 23 = u. What is the units digit of u?
1
Let m(j) = 3*j**2 + j - 1. What is the units digit of m(3)?
9
Let y(r) = 3*r**2 + 18*r**3 - 17*r**3 + 7*r**2 + 12*r + 7. What is the units digit of y(-8)?
9
Let a be 159*(3 + 8/(-3)). Let o = -35 + a. What is the units digit of o?
8
Let h(s) = s + 1. Let c(u) = -u + 11. Let v(y) = c(y) + 2*h(y). What is the units digit of v(-9)?
4
Suppose 3*p + y - 13 = 0, -5*y - 3 + 14 = -3*p. Suppose 6*o = p*o + 48. What is the units digit of o?
6
Let i be 16/(3/6 - 1). What is the units digit of 69/4 + (-24)/i?
8
Let p(o) = -o**3 - 10*o - 19 - 7*o + 5*o**3 + 13*o**2 - 3*o**3. What is the units digit of p(-14)?
3
Let o(z) = -28*z + 2. What is the tens digit of o(-2)?
5
Suppose -4*g + 0 + 8 = 4*b, -3*g = 0. Let m be b/(-2) - (-1 + -32). Suppose -m = -3*u - u. What is the units digit of u?
8
Let m(o) = -o + 3. Let b be (-44)/(-10) + 8/(-20). Suppose -2*d = -3*r - 13, -r - 2*d - 43 = b*r. What is the units digit of m(r)?
0
Let w(i) = 7*i**2 + 12*i - 1. Let p(m) = -3*m**2 - 6*m. Suppose -x + 2*x + 2 = 0. Let l(a) = x*w(a) - 5*p(a). What is the units digit of l(-7)?
9
Suppose 4*j = -j + 490. Suppose -2*c + 5*l = -85, -3*l = -5*c + 67 + j. Suppose 5*x + 4*r - c - 45 = 0, 3*x + 3*r = 48. What is the tens digit of x?
1
Suppose 1 = -k + 5. Let m = -4 + k. What is the units digit of (-2 + m + 1)*-1?
1
Suppose 292 = 4*u - 384. What is the tens digit of u?
6
Suppose -27 = 4*f - 2*f + 3*x, -5*f - 4*x - 78 = 0. Let d be (2*f/4)/1. Let w(z) = -z**2 - 8*z + 10. What is the units digit of w(d)?
1
Let r(t) = 68*t - 38. What is the units digit of r(3)?
6
Let p = 3 - -26. What is the units digit of p?
9
Let n = -27 + 58. Let o = n + -14. What is the units digit of o?
7
Let g = -135 + 139. What is the units digit of g?
4
What is the tens digit of ((-108)/10)/(6/(-75))?
3
Let u be (328/(-3))/(5/(-15)). Let d be (-6)/(-30) - u/(-10). Suppose -4*x = -x + 3*v - 39, -5*v = 3*x - d. What is the units digit of x?
6
Let y(h) = -h**3 - 4*h**2 + 4*h - 2. Suppose z = -z - 10. What is the units digit of y(z)?
3
Suppose -13 = 2*u - 109. Suppose l + 3*l = u. What is the units digit of (-2)/2 - l/(-1)?
1
Let v = 1 - -1. Suppose 0*o - 3*d - 6 = -3*o, v*d - 12 = -2*o. What is the units digit of o*((-14)/(-4) - 2)?
6
Let i(r) = 10*r + 16. Let a(v) be the second derivative of -v**3/3 - 3*v**2/2 + 2*v. Let c(n) = -11*a(n) - 2*i(n). What is the units digit of c(3)?
7
Let n = -4 - -10. Let w be (-21)/n + 1/2. Let a = 2 - w. What is the units digit of a?
5
Let o(l) = -l + 11. Let v be o(6). Suppose -v*b = -2*k - 42, -k = -b + 7 - 1. Suppose -c + b = 4. What is the units digit of c?
6
Let b = 6 - -6. Suppose -3*d = -2*d - b. What is the units digit of d?
2
Suppose 2*l + 5*y + 11 = 4*l, -l + y - 2 = 0. Let j = -2 - l. What is the units digit of j?
5
Let t(b) = -9*b + 7*b - 3 - 3*b. What is the tens digit of t(-4)?
1
Let b(i) = -i**2 - 9*i - 1. Let a be b(-10). Let u = a - -27. What is the units digit of u?
6
Let f = 318 - 140. What is the hundreds digit of f?
1
Let g = -3 - -1. What is the units digit of g/(-12) - (-35)/6?
6
Let h be -3 + 24 + (-1 - -2). Let k = h - 11. What is the tens digit of k?
1
Let a(n) = -43*n - 61. What is the hundreds digit of a(-10)?
3
Let w be ((-6)/(-4))/(1/6). Let m be (3 - 4 - -9)/2. Suppose -w = -m*g + 11. What is the units digit of g?
5
Let p(b) be the second derivative of b**4/3 + 2*b**3/3 + b**2/2 - 5*b. What is the tens digit of p(-3)?
2
Let q(h) = -h**3 + 5*h**2 + 5*h + 3. Let y be q(6). Let v(k) = -11*k - 3. What is the tens digit of v(y)?
3
Let b = -71 - -139. What is the tens digit of b?
6
Let w = 37 - 54. Suppose 5*a = 4 - 24. Let x = a - w. What is the units digit of x?
3
Suppose 0*z = 5*z. Let t(n) = n**2 - 1. Let c(b) = -5*b**2 + 3. Let w(r) = -c(r) - 6*t(r). What is the units digit of w(z)?
3
Let b = -150 - -275. What is the units digit of b?
5
Let n = -1 - -17. Suppose 3*v = v + n. Let q(b) = -b + 13. What is the units digit of q(v)?
5
Let s = 1 + -1. Suppose s = a - 2*a + 3. Suppose 0 = 3*t - 12, a*b = 5*b - 5*t + 10. What is the units digit of b?
5
Suppose 8*z - 216 = 2*z. What is the tens digit of z?
3
Let v be (4 + 6)*2/4. Suppose w - 13 = -2*i, -28 = -v*i - 3*w + 2*w. What is the units digit of i?
5
Let j(w) = 8*w - 82. What is the tens digit of j(23)?
0
Let s(q) = q**2 - 1. Let f be s(-2). Suppose 0 = 4*n - 9*n - 5, 2*g + f*n = 9. Let v(a) = -a + 13. What is the units digit of v(g)?
7
Suppose -l + 3 = 2*l. What is the units digit of l?
1
Suppose 0*j - 3*j + 6 = 0. Suppose 4*u + 9 = -3*o - 8, 11 = o - j*u. What is the units digit of -2*(7/(-2))/o?
7
Let y = -63 + 155. What is the tens digit of y?
9
Let z(m) = m - 2. Let t(r) = r**3 + 6*r**2 + 6*r + 5. Let y be t(-5). Let h be z(y). Let s(a) = -3*a - 1. What is the units digit of s(h)?
5
Suppose -o + 2*t = 3,